 Let i be p(-2). Let x(b) = b + 13. Calculate x(i).
3
Let h(s) = 0 + 3 - 349*s**2 + 173*s**2 + 175*s**2 - 6*s. Determine h(-9).
-24
Let v = 49 + -45. Let y(b) = -14 + 4*b + v - 5*b + 5. Calculate y(-10).
5
Let c(x) = -51*x**3 + 0 - 12*x**2 + 50*x**3 - 9*x + 14. Suppose 144*n - 204*n = 660. Give c(n).
-8
Suppose n - 3*d = 24, 7*d = 2*d + 5. Let o = n + -25. Let h(r) = 2 + 4 + 12*r - 13*r - o. Give h(7).
-3
Let p(t) be the second derivative of -t**4/12 - 4*t**3/3 + 69*t**2/2 - 8*t - 10. Determine p(-13).
4
Let x(s) = -9 + 4*s + 10 - 3*s - 8. Calculate x(-6).
-13
Let s be ((-459)/(-6))/(-17)*2. Let k(d) = d**3 + 9*d**2 - 1. What is k(s)?
-1
Let x(c) = -c**2 + 6*c - 4. Let g be x(-3). Let w = -35 - g. Let h(k) = -k**3 - 5*k**2 - k + 3. Determine h(w).
-9
Let l(p) = 10*p + 1. Suppose 5*v - 2 = 2*g + 7, -5*g - 15 = -5*v. What is l(v)?
11
Let t be 8/28*28 + -9. Let i(m) = 3*m + 1. Give i(t).
-2
Let p(w) be the first derivative of -1/2*w**4 + 11*w + w**3 - 7/2*w**2 + 1/20*w**5 + 5. Let d(h) be the first derivative of p(h). What is d(5)?
-2
Let m(p) = -23*p + 18*p + 0 - p**2 + 2. Let y be m(-6). Let d(c) = -c**3 + 6*c + 4. Let q(b) = 2*b**3 + b**2 - 12*b - 8. Let k(g) = 5*d(g) + 3*q(g). Give k(y).
4
Let g be (-32 + (-2)/(-2))*-1. Let u(d) = g - 66 - d**3 - 5*d**2 - 5*d + 31. What is u(-4)?
0
Suppose -4*t + 26 - 18 = 0. Let u(g) be the second derivative of -g**4/3 + 2*g**3/3 - 3*g**2/2 - 4*g + 4. Give u(t).
-11
Let w(m) = 2*m**2. Let t(p) = -p**3 - 3*p**2 + 3*p - 1. Let x(h) = -t(h) - 2*w(h). Give x(2).
-1
Let s(c) = -c**2 - 4*c + 1. Let l(q) = -5*q - 209. Let w be l(-41). Calculate s(w).
1
Let w(p) be the third derivative of p**5/30 + 17*p**4/24 - p**3/2 + 15*p**2. Let y be w(-9). Let v(b) = 2*b - 7. Give v(y).
5
Let d(y) = -5*y**2 - 26*y + 29. Let s(a) = 2*a**2 + 9*a - 10. Let b(m) = 3*d(m) + 8*s(m). Give b(6).
7
Let w(n) = 3*n - 8. Let z be (1 + -3)/(1/(-2)). Let p = 4 - z. Suppose b + p*l - 26 = 4*l, -5*l = -4*b + 49. Calculate w(b).
10
Let j(f) = 51*f**2 - 2 + 54*f**2 - 104*f**2. Suppose -24 = 2*z + 4*p, 2*p - 7*p = 3*z + 31. Determine j(z).
2
Let j be (-22)/(-5) - (1 - 3/5). Let g(y) = 3*y - 5. Let s(l) = 2*l - 4. Let b(w) = j*s(w) - 3*g(w). Determine b(-7).
6
Let j(d) = 2749*d + 3 - 2 - 2730*d. Determine j(1).
20
Let m(u) be the second derivative of u**5/20 + 13*u**4/12 + 11*u**3/6 - 7*u**2 - u. Let t be (-231 + 267)*(-4)/(-6)*(-1)/2. Calculate m(t).
-2
Let a(b) be the second derivative of b**3/6 + 5*b**2/2 + 51*b. Give a(-3).
2
Let b = 72/5 - 287/20. Let d(l) be the third derivative of 0 + 1/120*l**6 - 1/4*l**4 + 0*l - l**2 + 1/3*l**3 - b*l**5. Calculate d(4).
-6
Let h(f) = 5*f**2 - 13. Let y(u) = -2*u**2 + 5. Let l(s) = -3*h(s) - 8*y(s). Let z(a) = -a - 4. Let r be z(-3). Calculate l(r).
0
Let o(y) be the third derivative of y**5/120 + y**4/24 + 11*y**3/2 + 6*y**2 + 1. Let g(l) be the first derivative of o(l). What is g(0)?
1
Let h be (-25)/(-10) + 6/(-4). Let f(b) be the third derivative of -b**5/40 + b**3/2 - 6*b**2. Let z(g) be the first derivative of f(g). Give z(h).
-3
Let d(k) be the third derivative of k**5/40 - k**4/8 + 2*k**3/3 - 8*k**2. Let g(u) be the first derivative of d(u). Determine g(3).
6
Let p(g) = -g**2 - g - 1. Suppose 5*f + 2*v = -2*v + 74, 2*f = -v + 32. Let b be (-27)/f*(3 + -1). Give p(b).
-7
Let p(y) = y**3 - 766*y**2 + 9 + 2292*y**2 - 8*y - 762*y**2 - 763*y**2. Calculate p(-4).
-7
Let u(m) = m**3 - m**2 - 2*m - 3. Let t be -1*-1*18/6. Give u(t).
9
Let v(j) = -5*j**2 - 2. Let x = -157 + 159. Calculate v(x).
-22
Let t(q) be the second derivative of q**5/20 + q**4/2 + 5*q**3/6 + 3*q**2 - 9*q - 3. Determine t(-5).
6
Let o(b) be the second derivative of -b**3/3 - 2*b**2 - 32*b - 1. Calculate o(-6).
8
Let l(v) = v**3 + 7*v**2 + 10*v + 4. Suppose 3*i = -f - 13, -9*i + 17 = -5*f - 8*i. Give l(f).
12
Let m(a) be the second derivative of a**4/12 - 5*a**3/6 - 5*a**2 - 24*a. Suppose 4*s - 19 = -5*g, -g + 1 - 6 = 3*s. What is m(g)?
4
Let t(r) = -7*r - 5. Let g(b) = 7*b + 4. Let p(k) = -4*g(k) - 3*t(k). Suppose 0 = -l - 2*w + 5 + 4, l - 19 = -4*w. Calculate p(l).
6
Let p(n) be the second derivative of n**5/10 + n**4/6 - n**3/2 - 2*n**2 - n - 6. Determine p(-3).
-31
Let l = 5 + -5. Let b = -8 + 10. Let x(o) = 6 + o**3 + 4*o**b + o + 4*o**2 - 7*o**2. Determine x(l).
6
Suppose 0 = l + 6*u - 2*u + 18, -5*l - 4*u - 10 = 0. Let n(m) = m**l - 4 + 6 - 3. Let j be (-832)/(-130)*(-15)/(-54) + (-2)/(-9). Determine n(j).
3
Let m(a) = -a**3 - 10*a**2 - 9*a + 1. Let t be m(-9). Suppose -2*l - 3*w + t = 0, 2*w + 1 = 3. Let x(b) = b**2 - b. Calculate x(l).
2
Suppose h + 4*b + 7 = 0, 0*h + 4*h + 5*b - 5 = 0. Let o(w) = -8*w - w**2 - 4 + h*w - 4*w + 5. What is o(-6)?
7
Suppose -30*y - 3*y - 90 = -3*y. Let n(w) be the second derivative of -w**4/12 - 5*w**3/6 - 3*w**2/2 + w. What is n(y)?
3
Let n be (2/8*-2)/((-3)/(-24)). Let d be 1/n + (-21)/12. Let q(g) be the second derivative of -g**5/10 - g**4/4 + g**2 - g. Determine q(d).
6
Let f(w) = -11*w**2 - 2*w + 1. Let v = 2 + 1. Let a = 2 + v. Suppose a*n - 5 = -0*n. Calculate f(n).
-12
Let w(u) = -336*u + 173*u - u**3 - 6 - 5*u**2 + 157*u. Give w(-4).
2
Suppose 16 + 2 = 3*f. Suppose -16*r = -19*r - f. Let u be -11 - -7 - (-13 - r). Let w(p) = p - 1. Give w(u).
6
Suppose -m + o + 4 = 3, 4*o - 20 = 0. Let z(g) = 15 - 4*g - m + 12*g - g - g**2. Give z(7).
9
Suppose 148 = 3*f + 118. Let l(q) = -q - 3. Give l(f).
-13
Let d(j) be the second derivative of 4*j**3/3 + j**2 + 365*j. What is d(-3)?
-22
Let l be (-15)/(-9) + 2/6. Let c(y) = 9*y**2 + 3. Let i be c(3). Let d(g) = i*g - 82*g - 3 + 2. What is d(l)?
3
Let t(i) = -i**2 + i - 1. Let c(u) = -2*u + 1. Let a(f) = -3*c(f) - 4*t(f). Suppose 0*y = 3*n - 3*y - 6, -y - 1 = -2*n. What is a(n)?
3
Let a(u) = -u**2 - 7*u - 3. Let d be a(-6). Suppose d*o = -10 - 5. Let h(j) = -j + 3*j + j**2 - 5 + 2*j. Calculate h(o).
0
Let s(m) be the second derivative of 0 + 0*m**2 + m**3 + 1/360*m**6 + 1/8*m**4 - 1/120*m**5 + 3*m. Let h(n) be the second derivative of s(n). Calculate h(0).
3
Let w = -152 + 152. Suppose t = 5*u + 17, 2*t + w*u = -u + 1. Let i(k) = -5*k. Give i(t).
-10
Let l(m) = -m**3 - m**2 + 2*m + 3. Suppose 21*o + 39 = 8*o. Determine l(o).
15
Let s(h) = -h**3 - 6*h**2 - h + 8. Let i be (-2)/(-5) + 0 + 4576/(-715). Calculate s(i).
14
Let y = 1382 - 1388. Let z(c) = c**3 - c**2 + c + 1. Let v(o) = -5*o**3 + 11*o**2 - 12*o - 15. Let d(u) = -v(u) - 6*z(u). Determine d(y).
9
Suppose 0 = 5*g - 10 + 25. Suppose 5*j = -5*x - 10, -5*x + 7 = -3*j + 1. Let n(i) = -4 + 2*i - 3*i + x*i. Determine n(g).
-1
Suppose -5*o = 4*p - 173, -p + 3*o - 7 + 29 = 0. Suppose 5*t = -n - 17, 8 = -5*n - 5*t - p. Let i(l) = l**2 + 5*l - 3. Calculate i(n).
11
Let h(x) = x + 10. Let t(n) = n**3 - 28*n**2 - 33*n - 29. Let m be t(29). Let s = m + 138. Determine h(s).
3
Let l = 13 + -10. Suppose -3*n + 2*f = 7, -3*n - l*f = 2*n - 20. Let u(y) = -y**2 + 1. Let r(x) = 3*x**2 + x - 5. Let i(g) = -2*r(g) - 9*u(g). Determine i(n).
2
Let w(c) = 29 - 3*c**3 - 22 + 2*c - 8*c**2 - 2*c**3. Let p(a) = 6*a**3 + 9*a**2 - a - 8. Let n(i) = -4*p(i) - 5*w(i). What is n(-5)?
2
Let i(q) = q**2 - 7*q + 1. Let r be (-2)/2*3 + (2 - -5). Let n be 7/r*(0 + 4). Give i(n).
1
Let k(q) = -6*q + 134. Let x be k(23). Let r(w) = w**2 + 5*w + 5. Let z(h) = -h**2 - 6*h - 4. Let y(i) = -3*r(i) - 4*z(i). Calculate y(x).
-19
Let a(o) be the second derivative of o**6/720 + o**5/24 - 29*o**4/12 + 35*o. Let x(i) be the third derivative of a(i). Determine x(-7).
-2
Let p(k) = 6*k**2 - k - 1. Let z(o) = o**3 + 2*o**2 - 2*o + 3. Let i be z(-3). Let w(m) = 5*m - 1. Let d be w(i). Determine p(d).
6
Let k(h) = h**2 - 9*h - 12. Suppose 27 = 8*i + i. Let d be i - 0 - (-13)/(65/30). Give k(d).
-12
Let d be -1 - (0 + 0)*10/(-10). Let j(w) = 3*w - 2. Determine j(d).
-5
Let z(b) = b - 4. Let w(c) = -7*c + 5. Let j(q) = -3*q + 3. Let n(m) = -5*j(m) + 2*w(m). Let k be n(10). Give z(k).
1
Let u(x) = -x**3 + x - 1. Let j(t) = -t**3 - 7*t**2 + 2*t + 3. Let f(d) = j(d) - 2*u(d). Calculate f(7).
5
Let l(i) = 6*i**3 - 3*i + 4. Let x be l(1). Let b(y) = -3*y - 3 + 3 + 1 + 3. Calculate b(x).
-17
Let k(y) be the second derivative of 2/3*y**3 + 0 - 1/2*y**2 + 4*y + 1/12*y**4. What is k(-3)?
-4
Let x = -17 + 14. Let n = -9 + x. Let y = 16 + n. Let s(m) = -m*